 4003
List the prime factors of 1132825.
5, 113, 401
What are the prime factors of 135381?
3, 45127
What are the prime factors of 11408405?
5, 157, 14533
List the prime factors of 66251.
97, 683
List the prime factors of 179675.
5, 7187
List the prime factors of 6347035.
5, 17, 89, 839
List the prime factors of 356506.
2, 397, 449
List the prime factors of 127533.
3, 7, 6073
List the prime factors of 2942673.
3, 109, 8999
What are the prime factors of 3691910?
2, 5, 369191
List the prime factors of 10233353.
13, 787181
What are the prime factors of 1043572?
2, 260893
List the prime factors of 1272382.
2, 17, 37423
List the prime factors of 125027.
7, 53, 337
What are the prime factors of 2438356?
2, 609589
List the prime factors of 1150491.
3, 101, 3797
List the prime factors of 346570.
2, 5, 7, 4951
List the prime factors of 24414182.
2, 13, 939007
What are the prime factors of 337315?
5, 11, 6133
List the prime factors of 4455029.
4455029
List the prime factors of 6508198.
2, 263, 12373
What are the prime factors of 26499827?
71, 251, 1487
List the prime factors of 2709923.
2709923
List the prime factors of 10155084.
2, 3, 113, 7489
What are the prime factors of 17360720?
2, 5, 13, 16693
List the prime factors of 32300.
2, 5, 17, 19
List the prime factors of 259973.
7, 37139
What are the prime factors of 410879?
7, 79, 743
List the prime factors of 52470.
2, 3, 5, 11, 53
List the prime factors of 336979.
41, 8219
What are the prime factors of 216312?
2, 3, 9013
What are the prime factors of 156219?
3, 7, 43, 173
List the prime factors of 4252306.
2, 2126153
What are the prime factors of 79741?
23, 3467
What are the prime factors of 360980?
2, 5, 18049
What are the prime factors of 940100?
2, 5, 7, 17, 79
List the prime factors of 494123.
7, 70589
List the prime factors of 2337990.
2, 3, 5, 77933
What are the prime factors of 760895?
5, 31, 4909
List the prime factors of 4058181.
3, 50101
What are the prime factors of 35476511?
7, 23, 220351
List the prime factors of 93916.
2, 53, 443
List the prime factors of 1403121.
3, 113, 4139
List the prime factors of 6085239.
3, 2028413
What are the prime factors of 612975?
3, 5, 11, 743
What are the prime factors of 114449?
193, 593
List the prime factors of 2421461.
7, 345923
List the prime factors of 4198578.
2, 3, 31, 22573
What are the prime factors of 876381?
3, 11, 26557
What are the prime factors of 7663524?
2, 3, 11, 58057
What are the prime factors of 10533859?
7, 167, 9011
List the prime factors of 416066.
2, 7, 113, 263
What are the prime factors of 1780200?
2, 3, 5, 23, 43
List the prime factors of 223301.
13, 89, 193
List the prime factors of 21492499.
7, 3070357
What are the prime factors of 182913?
3, 19, 3209
List the prime factors of 2328685.
5, 89, 5233
What are the prime factors of 7205262?
2, 3, 89, 103, 131
List the prime factors of 337260.
2, 3, 5, 7, 11, 73
What are the prime factors of 1842892?
2, 29, 15887
List the prime factors of 719746.
2, 17, 21169
What are the prime factors of 1494379?
23, 43, 1511
What are the prime factors of 2821311?
3, 61, 571
List the prime factors of 377019.
3, 163, 257
What are the prime factors of 287697?
3, 41, 2339
List the prime factors of 661662.
2, 3, 12253
List the prime factors of 829194.
2, 3, 113, 1223
List the prime factors of 560466.
2, 3, 97, 107
What are the prime factors of 14076667?
11, 23, 55639
What are the prime factors of 14152?
2, 29, 61
List the prime factors of 1161766.
2, 211, 2753
List the prime factors of 1452780.
2, 3, 5, 7, 1153
What are the prime factors of 1611257?
19, 137, 619
List the prime factors of 2327149.
11, 211559
What are the prime factors of 1881988?
2, 19, 24763
What are the prime factors of 8740592?
2, 7, 78041
List the prime factors of 2229937.
43, 51859
What are the prime factors of 216525?
3, 5, 2887
What are the prime factors of 592680?
2, 3, 5, 11, 449
List the prime factors of 86929.
86929
What are the prime factors of 282927?
3, 94309
List the prime factors of 1662514.
2, 7, 118751
What are the prime factors of 373918?
2, 186959
List the prime factors of 38260.
2, 5, 1913
What are the prime factors of 1305711?
3, 11, 109
What are the prime factors of 2090519?
277, 7547
List the prime factors of 402480.
2, 3, 5, 13, 43
What are the prime factors of 13186756?
2, 11, 299699
List the prime factors of 227359.
11, 1879
List the prime factors of 6578782.
2, 7, 23, 20431
List the prime factors of 1804848.
2, 3, 19, 1979
List the prime factors of 6376745.
5, 1275349
List the prime factors of 693373.
693373
List the prime factors of 652889.
277, 2357
What are the prime factors of 4710762?
2, 3, 7, 109
What are the prime factors of 2676384?
2, 3, 9293
What are the prime factors of 881940?
2, 3, 5, 14699
List the prime factors of 134833.
109, 1237
What are the prime factors of 1799221?
23, 137, 571
List the prime factors of 3637553.
263, 13831
What are the prime factors of 1263586?
2, 379, 1667
What are the prime factors of 19667885?
5, 3933577
What are the prime factors of 1011303?
3, 313, 359
List the prime factors of 5042675.
5, 11, 1667
What are the prime factors of 146025?
3, 5, 11, 59
What are the prime factors of 8747161?
239, 36599
List the prime factors of 983249.
137, 7177
List the prime factors of 274675.
5, 10987
List the prime factors of 27238696.
2, 61, 55817
What are the prime factors of 33071571?
3, 13, 19, 29
What are the prime factors of 2864747?
211, 13577
What are the prime factors of 32439?
3, 11, 983
What are the prime factors of 1758956?
2, 17, 25867
What are the prime factors of 2499113?
1063, 2351
What are the prime factors of 29457551?
29457551
List the prime factors of 2354325.
3, 5, 31391
What are the prime factors of 94660?
2, 5, 4733
List the prime factors of 612510.
2, 3, 5, 17, 1201
List the prime factors of 539017.
79, 6823
List the prime factors of 1224658.
2, 23, 79, 337
What are the prime factors of 835693?
29, 28817
List the prime factors of 2463213.
3, 577, 1423
List the prime factors of 191125.
5, 11, 139
What are the prime factors of 681247?
7, 13903
List the prime factors of 2765639.
37, 74747
What are the prime factors of 1152816?
2, 3, 7, 47, 73
List the prime factors of 1140121.
1140121
List the prime factors of 587926.
2, 23, 12781
List the prime factors of 163797.
3, 71, 769
What are the prime factors of 1645271?
691, 2381
What are the prime factors of 23201666?
2, 107, 181, 599
What are the prime factors of 2502149?
13, 29, 6637
What are the prime factors of 197478?
2, 3, 23, 53
What are the prime factors of 6378358?
2, 7, 455597
What are the prime factors of 498570?
2, 3, 5, 16619
List the prime factors of 2007850.
2, 5, 13, 3089
What are the prime factors of 527512?
2, 233, 283
List the prime factors of 1780749.
3, 241, 821
List the prime factors of 4158671.
11, 41, 9221
List the prime factors of 8416669.
8416669
List the prime factors of 430788.
2, 3, 35899
What are the prime factors of 10134945?
3, 5, 225221
List the prime factors of 74524.
2, 31, 601
What are the prime factors of 296063?
149, 1987
List the prime factors of 1314871.
1314871
List the prime factors of 362562.
2, 3, 60427
List the prime factors of 1171976.
2, 13, 59, 191
List the prime factors of 9016220.
2, 5, 450811
What are the prime factors of 106293?
3, 11, 3221
List the prime factors of 1115115.
3, 5, 17, 4373
What are the prime factors of 353912?
2, 13, 41, 83
What are the prime factors of 438474?
2, 3, 73079
What are the prime factors of 386614?
2, 17, 83, 137
List the prime factors of 5166727.
19, 29, 9377
What are the prime factors of 1799650?
2, 5, 35993
List the prime factors of 125211.
3, 41737
List the prime factors of 5842692.
2, 3, 6011
What are the prime factors of 36375?
3, 5, 97
List the prime factors of 421248.
2, 3, 1097
What are the prime factors of 951441?
3, 23, 13789
List the prime factors of 369694.
2, 13, 59, 241
What are the prime factors of 13859055?
3, 5, 7, 43997
What are the prime factors of 218159?
269, 811
What are the prime factors of 19418634?
2, 3, 1078813
List the prime factors of 18387174.
2, 3, 13, 19, 653
List the prime factors of 527387.
7, 47, 229
List the prime factors of 5045388.
2, 3, 53, 7933
List the prime factors of 12637965.
3, 5, 842531
List 